ue
Suppose -5*n + n + 3 = 3*d, 0 = -2*n - 5*d - 9. Suppose 4*f = n*f + 119. Is f composite?
True
Is (-1 + -3 - -7)/(6/1906) composite?
False
Suppose -7604 + 2395 = -5*u + 2*r, -2092 = -2*u - 2*r. Is u prime?
False
Suppose -5*m - x + 326 = -117, -4*x + 12 = 0. Let s = 221 - m. Let d = -44 + s. Is d composite?
False
Let x(l) = -26*l**3 + 2*l**2 + 2*l - 1. Suppose 5*z = -5*a - 32 + 2, 0 = -5*a - 2*z - 18. Is x(a) a composite number?
False
Let v(l) = 58*l + 1. Is v(5) a composite number?
True
Let r be (2 - -167 - -1) + 1. Let q = r - 82. Is q a prime number?
True
Suppose -2*v = y + 4*y + 6, 5*v - 2*y = -15. Let j be 1 + (-6)/v + 0. Suppose -4 = u + b - 2, 0 = j*u - 5*b - 34. Is u a composite number?
False
Suppose 3*v + v - 188 = 0. Suppose -a + v = 12. Is a a composite number?
True
Let u(l) = l**3 - 5*l**2 - 7*l + 4. Suppose -5*k + 8 + 2 = 0. Suppose 0*j - k*j + 14 = 0. Is u(j) prime?
True
Let z(p) = 2*p**2 + 4*p + 16. Is z(-5) a composite number?
True
Suppose -2*k - 123 = 4*q - q, 4*k + 271 = -q. Let a = 18 - k. Let j = -56 + a. Is j prime?
True
Let r = -10 - -15. Let v be ((-38)/(-4))/((-1)/(-20)). Is v/r*2/4 a composite number?
False
Suppose 337 + 1045 = 2*z. Is z prime?
True
Let m = 939 - 599. Suppose z + 3*z = m. Is z composite?
True
Let z(q) = 26*q**2 - 18*q + 21. Is z(8) composite?
True
Let k(p) = 258*p - 1. Suppose -4*v + 1 = 25. Let u = -5 - v. Is k(u) composite?
False
Let t be ((-2)/5)/((-9)/(-855)). Let m = 64 + t. Is m a prime number?
False
Let q(n) = 7*n**2 + n - 15. Is q(-11) a composite number?
False
Suppose s + 306 = 3*w, -5*s = w - s - 102. Suppose n = w + 135. Is n composite?
True
Is -1 + (5*174)/3 a composite number?
True
Is 1/(-3) - (-1484)/6 a composite number?
True
Suppose 5 = 3*y + d + d, -2*y = 4*d - 6. Suppose -y + 7 = 2*m. Suppose -4*l + 7 = -m*l. Is l prime?
True
Suppose -m + 2219 = 6*m. Is m prime?
True
Let n(s) = -14*s**2 + 4*s - 1. Let c be n(3). Let o = -57 - c. Is o a prime number?
False
Let t = -7 + 12. Suppose 4*b - 21 + t = 0. Suppose 5 = i, 0*g + g = -b*i + 57. Is g a prime number?
True
Suppose z + g = 875, 1472 = -4*z - 3*g + 4974. Is z a composite number?
False
Suppose -22 = -2*z - 2*d, 0 = 4*z - 2*d + 4 - 18. Suppose -q + 175 = 2*m, m - z*m = q - 430. Is m a composite number?
True
Let f be (1 - 2)/2*-8. Let h = -4 + f. Suppose h = 4*c - 132 - 16. Is c a prime number?
True
Suppose 3*q - 32 = 1. Let o(n) = n**3 - 9*n**2 - 7*n - 2. Is o(q) a composite number?
False
Let d(t) = t + 8. Let g be d(-8). Suppose -4*u + g*j = -4*j - 396, -2*u + 4*j = -202. Is u composite?
False
Let q = -2740 - -4077. Is q prime?
False
Let r(m) = 7*m + 2. Is r(11) composite?
False
Let c(n) = -10*n**3 + 5*n**2 - 6*n - 4. Let r be c(6). Is 1/2 + r/(-8) composite?
True
Let o = 699 - 290. Is o a composite number?
False
Suppose 0*m = -2*m + 498. Is (7 - m)/(-2*1) a prime number?
False
Suppose -3*h - h = -12116. Is h a prime number?
False
Let b(x) = -22*x**3 - x**2 + 6*x + 6. Let o be b(-4). Suppose 4*n + n = -5*a + 1715, -4*a - 5*n + o = 0. Is a a composite number?
True
Let f be 7 + -2 - (-2 + 3). Let j = f + -2. Suppose j*m = 5*m - 201. Is m composite?
False
Let i be (-1)/2 + 130/4. Suppose -4*r - 54 = 2*v - 0*v, 3*v + r = -61. Let k = i + v. Is k prime?
True
Let d be (-16)/(-6) + (-2)/3. Suppose -d*w - 3*w = -25, 555 = 5*n + 5*w. Is n composite?
True
Suppose -3*n + 56 = n. Let k = n - 5. Is k prime?
False
Suppose 2*j + 6 = 5*j. Suppose -5*t = 3*m - 21, -4*m + j*t = -2*m + 2. Suppose -234 = -m*o + 5*k, -o - 4*k - 365 = -4*o. Is o composite?
False
Suppose -5*h - 7 = -17, 2*a - 5*h = 244. Suppose -5*i + 48 = -a. Is i composite?
True
Let w be (-3)/(1 + 3/(-12)). Let v = w + 3. Is 3/((-3)/(-8 + v)) a prime number?
False
Let m be (-7 + 2)*2/(-5). Suppose -m*i + 40 = 3*i. Suppose -45 = -v - i. Is v a composite number?
False
Is (2505/(-9)*-3)/1 a prime number?
False
Let r = 32 - 19. Suppose r = -5*m - 2. Let z(w) = w**3 + 6*w**2 + 2*w. Is z(m) a composite number?
True
Let h be -5*(0 - 8/5). Let z(p) = -5*p - 15. Let o(g) = g + 3. Let j(a) = 11*o(a) + 2*z(a). Is j(h) a prime number?
True
Let q = -49 - -80. Is q composite?
False
Let h = -1 - -36. Is h prime?
False
Let i(v) = -v**2 + v - 7. Let c be -2 + 4/(6/3). Let k be i(c). Let q(m) = 6*m**2 + 9*m - 8. Is q(k) a composite number?
False
Suppose -2*k - 2*k = -492. Suppose 0 = -5*d - 2*f + 550 + 87, d - k = 4*f. Is d prime?
True
Suppose z - 15 = -2*z. Suppose -z*c + 0*q - 3*q + 35 = 0, -c - 2*q + 14 = 0. Suppose 2*s - a = 23, s + 0*s = c*a - 6. Is s a composite number?
True
Suppose 5*l = -10, 0 = -2*m + 5*l + 848 + 920. Suppose -5*w + 2*w = -m. Is w composite?
False
Suppose -7*j + 8*j - 1264 = 0. Suppose -5*n + j = 9. Is n a composite number?
False
Suppose -6 = -0*w - 2*w. Suppose w*d + 2*d - 395 = 0. Is d a prime number?
True
Let n = 3647 - 1926. Is n a composite number?
False
Let p be (-44)/33*1*-3. Suppose p*q = 8*q - 584. Is q a prime number?
False
Let r(q) = q. Suppose 2*k + 7 = k. Let u be r(k). Let s(y) = -y**3 - 6*y**2 + 5*y + 9. Is s(u) composite?
False
Let x = -609 - -2008. Is x prime?
True
Suppose 5*x - 3*f + 264 = 0, 3*f + 168 = -x - 2*x. Is 12/x + 346/18 prime?
True
Let g(u) = u**3 + u**2 + 9*u + 6. Is g(5) prime?
False
Let v(m) = 18*m**2 + 1. Suppose 6 + 10 = 4*b. Suppose 4 = b*l - 0. Is v(l) a composite number?
False
Let u(a) = -a - 10. Let t be u(-6). Is (1456/24)/(t/(-6)) composite?
True
Suppose 3*q = -2*p, -p + 17 = -q + 4*p. Suppose -3*o = -0*v + 2*v - 19, 0 = -5*v + 10. Is q + o/(15/108) prime?
False
Suppose -5*a = -2*a - 1473. Is a a composite number?
False
Let b = 93 - 26. Is b a prime number?
True
Is (2/4)/(1/502) composite?
False
Let z be 14/6 + 4/(-12). Suppose 4*j - 69 - 158 = -5*o, 0 = -z*j + 4*o + 94. Is j composite?
False
Let c(m) = 13*m**2 - m. Let k be c(-10). Suppose -5*t + 0*n + 5*n = -k, -3*t - 5*n = -810. Is t prime?
False
Let z = -124 + 179. Is z a composite number?
True
Suppose 2*a = -0*a + 3722. Suppose -3*c + 827 = 3*i - 295, 4*i + a = 5*c. Is c prime?
True
Suppose 0 = -5*a + 262 + 373. Is a a prime number?
True
Let d = 6 - 3. Suppose 94 = b - 2*f - 15, 5*b + d*f = 584. Is b a composite number?
True
Suppose 0 = 2*j - 3*h - 0*h + 1, 3 = 4*j - h. Let v be 1/2*(-1243 + j). Is (-2)/(-7) + v/(-7) composite?
False
Let y(c) = -22*c + 2. Suppose -3*x - 5 = 25. Let z be (-32)/14 - x/35. Is y(z) a composite number?
True
Let j = -1 + 164. Is j a prime number?
True
Let p = -6 - -4. Is (3 + 43/p)*-2 prime?
True
Suppose 0 = 8*t - 3*t - 360. Is 2/4*(t + 2) a prime number?
True
Is 5*(3087/15 - -4) a composite number?
False
Let n(f) = f**3 + 7*f**2 - 2*f + 5. Is n(-7) prime?
True
Is 14135/7 + (52/14 - 4) a prime number?
False
Let i = -3807 + 6352. Suppose 3*a = -2*a + i. Is a a composite number?
False
Let w(s) = 4*s**2 - 2*s. Let h be w(-2). Suppose -4*f + f + 4*i = -h, -2*f + 4*i + 16 = 0. Suppose -f*y + 173 = -5*q, y - 43 + 16 = -2*q. Is y composite?
False
Let j(c) = 28*c + 3. Is j(4) composite?
True
Let d = 159 + 0. Is d composite?
True
Let f = -15 + 278. Is f composite?
False
Suppose -5*j = 5*q - 25, 0 = -j - 3*j + 5*q + 29. Let i(v) = -v**3 + 15*v**2 - 3*v - 3. Is i(j) a prime number?
False
Suppose -2*r = b - 975, -4*r - 4*b = r - 2439. Is r a composite number?
False
Suppose 0 = -3*j + 4*j - 234. Let r = -86 + 13. Let h = j + r. Is h a composite number?
True
Let c(r) be the first derivative of 2*r**3/3 - 5*r**2 - 7*r - 1. Let o be c(8). Let m = o - 20. Is m a composite number?
True
Suppose n = -0*n + 1. Let o = 3 - n. Is (-222)/(-4)*o/3 composite?
False
Suppose -6*g = -4*g - 244. Let t = -65 + g. Is t a composite number?
True
Suppose -477 = -2*s + x + 607, s = 2*x + 545. Is s prime?
True
Let j = -4 - -3. Let f = -1 - j. Is (-32)/(-1) - (f + 1) a prime number?
True
Suppose 4647 = -6*g + 24837. Is g a prime number?
False
Let x be (-8)/(-12)*(-9)/6. Is (-368)/(-4) - (4 + x) a composite number?
False
Suppose 5*j = 3*v + 389, j + 7*v = 3*v + 87. Is j prime?
True
Suppose -2*z + 1780 + 574 = 0. Suppose 4*y - 747 = z. Is y a prime number?
False
Let l(i) = i**2 + 2*i. Let p be l(-3). Suppose 5*b - p*f - 270 = 0, 37 = -b + 2*b - 4*f. Is b a prime number?
False
Suppose 2*z = n - 127, -2*n + z - 87 + 332 = 0. Is n composite?
True
Suppose 2*o - 3*b + 202 = 569, -3*o + b = -540. Is